ors of 48690.
2, 3, 5, 541
What are the prime factors of 573?
3, 191
List the prime factors of 2890.
2, 5, 17
List the prime factors of 61694.
2, 109, 283
List the prime factors of 22126.
2, 13, 23, 37
List the prime factors of 996.
2, 3, 83
What are the prime factors of 1401?
3, 467
What are the prime factors of 3022?
2, 1511
List the prime factors of 2306.
2, 1153
What are the prime factors of 3117?
3, 1039
What are the prime factors of 371?
7, 53
List the prime factors of 4423.
4423
What are the prime factors of 40728?
2, 3, 1697
List the prime factors of 1207.
17, 71
List the prime factors of 96816.
2, 3, 2017
What are the prime factors of 59938?
2, 23, 1303
List the prime factors of 6627.
3, 47
List the prime factors of 820.
2, 5, 41
What are the prime factors of 28608?
2, 3, 149
List the prime factors of 11771.
79, 149
List the prime factors of 2310.
2, 3, 5, 7, 11
What are the prime factors of 9867?
3, 11, 13, 23
What are the prime factors of 1804?
2, 11, 41
What are the prime factors of 1323?
3, 7
What are the prime factors of 18574?
2, 37, 251
What are the prime factors of 435?
3, 5, 29
List the prime factors of 847.
7, 11
List the prime factors of 31341.
3, 31, 337
What are the prime factors of 1732?
2, 433
List the prime factors of 4080.
2, 3, 5, 17
List the prime factors of 3256.
2, 11, 37
What are the prime factors of 24435?
3, 5, 181
List the prime factors of 10379.
97, 107
List the prime factors of 706.
2, 353
List the prime factors of 598.
2, 13, 23
What are the prime factors of 77506?
2, 11, 13, 271
List the prime factors of 273.
3, 7, 13
What are the prime factors of 1402?
2, 701
List the prime factors of 2576.
2, 7, 23
List the prime factors of 3285.
3, 5, 73
List the prime factors of 537.
3, 179
What are the prime factors of 738?
2, 3, 41
What are the prime factors of 429?
3, 11, 13
What are the prime factors of 17117?
17117
What are the prime factors of 2875?
5, 23
List the prime factors of 6106.
2, 43, 71
List the prime factors of 47273.
41, 1153
What are the prime factors of 78198?
2, 3, 13033
What are the prime factors of 19612?
2, 4903
What are the prime factors of 3956?
2, 23, 43
What are the prime factors of 458?
2, 229
List the prime factors of 26281.
41, 641
List the prime factors of 15661.
15661
What are the prime factors of 1952?
2, 61
What are the prime factors of 2190?
2, 3, 5, 73
List the prime factors of 1449.
3, 7, 23
What are the prime factors of 40685?
5, 79, 103
List the prime factors of 7042.
2, 7, 503
What are the prime factors of 4660?
2, 5, 233
What are the prime factors of 6705?
3, 5, 149
List the prime factors of 6909.
3, 7, 47
List the prime factors of 1865.
5, 373
List the prime factors of 16567.
16567
List the prime factors of 7857.
3, 97
List the prime factors of 142904.
2, 17863
List the prime factors of 14911.
13, 31, 37
What are the prime factors of 759?
3, 11, 23
What are the prime factors of 419?
419
List the prime factors of 1295.
5, 7, 37
List the prime factors of 15052.
2, 53, 71
List the prime factors of 1404.
2, 3, 13
List the prime factors of 2851.
2851
List the prime factors of 27658.
2, 13829
List the prime factors of 995.
5, 199
List the prime factors of 7709.
13, 593
List the prime factors of 999.
3, 37
List the prime factors of 708.
2, 3, 59
List the prime factors of 1328.
2, 83
What are the prime factors of 1157?
13, 89
List the prime factors of 14942.
2, 31, 241
What are the prime factors of 9655?
5, 1931
List the prime factors of 3205.
5, 641
What are the prime factors of 1385?
5, 277
What are the prime factors of 5324?
2, 11
List the prime factors of 5804.
2, 1451
List the prime factors of 292.
2, 73
List the prime factors of 1731.
3, 577
List the prime factors of 3410.
2, 5, 11, 31
List the prime factors of 62091.
3, 6899
List the prime factors of 14701.
61, 241
What are the prime factors of 24766?
2, 7, 29, 61
What are the prime factors of 2497?
11, 227
List the prime factors of 897.
3, 13, 23
What are the prime factors of 40040?
2, 5, 7, 11, 13
What are the prime factors of 1384?
2, 173
What are the prime factors of 120?
2, 3, 5
What are the prime factors of 34908?
2, 3, 2909
List the prime factors of 307.
307
List the prime factors of 31799.
31799
What are the prime factors of 13555?
5, 2711
What are the prime factors of 1208?
2, 151
List the prime factors of 83461.
7, 11923
What are the prime factors of 25746?
2, 3, 7, 613
What are the prime factors of 3037?
3037
List the prime factors of 64481.
17, 3793
List the prime factors of 16.
2
List the prime factors of 138.
2, 3, 23
List the prime factors of 717.
3, 239
What are the prime factors of 3124?
2, 11, 71
List the prime factors of 9331.
7, 31, 43
What are the prime factors of 21110?
2, 5, 2111
What are the prime factors of 12375?
3, 5, 11
List the prime factors of 13851.
3, 19
What are the prime factors of 1268?
2, 317
List the prime factors of 64973.
43, 1511
List the prime factors of 29336.
2, 19, 193
What are the prime factors of 1066?
2, 13, 41
What are the prime factors of 18600?
2, 3, 5, 31
List the prime factors of 597.
3, 199
What are the prime factors of 18241?
17, 29, 37
List the prime factors of 190.
2, 5, 19
List the prime factors of 131645.
5, 113, 233
List the prime factors of 648.
2, 3
What are the prime factors of 4336?
2, 271
List the prime factors of 522.
2, 3, 29
List the prime factors of 2212.
2, 7, 79
List the prime factors of 43994.
2, 21997
What are the prime factors of 904?
2, 113
List the prime factors of 22640.
2, 5, 283
What are the prime factors of 71098?
2, 19, 1871
What are the prime factors of 4691?
4691
List the prime factors of 601.
601
What are the prime factors of 22299?
3, 7433
List the prime factors of 32760.
2, 3, 5, 7, 13
List the prime factors of 83191.
23, 3617
List the prime factors of 2142.
2, 3, 7, 17
List the prime factors of 21955.
5, 4391
List the prime factors of 968.
2, 11
List the prime factors of 410.
2, 5, 41
What are the prime factors of 867?
3, 17
What are the prime factors of 101930?
2, 5, 10193
List the prime factors of 2606.
2, 1303
What are the prime factors of 3119?
3119
What are the prime factors of 1036?
2, 7, 37
List the prime factors of 6651.
3, 739
What are the prime factors of 123?
3, 41
What are the prime factors of 2348?
2, 587
What are the prime factors of 998?
2, 499
What are the prime factors of 920?
2, 5, 23
What are the prime factors of 483?
3, 7, 23
List the prime factors of 21441.
3, 7, 1021
What are the prime factors of 49248?
2, 3, 19
What are the prime factors of 115?
5, 23
What are the prime factors of 74830?
2, 5, 7, 1069
What are the prime factors of 936?
2, 3, 13
List the prime factors of 114130.
2, 5, 101, 113
List the prime factors of 2924.
2, 17, 43
List the prime factors of 3596.
2, 29, 31
What are the prime factors of 70713?
3, 97
What are the prime factors of 2858?
2, 1429
List the prime factors of 11110.
2, 5, 11, 101
What are the prime factors of 2085?
3, 5, 139
What are the prime factors of 6406?
2, 3203
List the prime factors of 2166.
2, 3, 19
List the prime factors of 704.
2, 11
List the prime factors of 10567.
10567
List the prime factors of 4527.
3, 503
What are the prime factors of 2462?
2, 1231
What are the prime factors of 1553?
1553
List the prime factors of 25790.
2, 5, 2579
List the prime factors of 58094.
2, 31, 937
List the prime factors of 10077.
3, 3359
What are the prime factors of 10160?
2, 5, 127
What are the prime factors of 3154?
2, 19, 83
List the prime factors of 1581.
3, 17, 31
List the prime factors of 11302.
2, 5651
List the prime factors of 1547.
7, 13, 17
List the prime factors of 882.
2, 3, 7
What are the prime factors of 1881?
3, 11, 19
List the prime factors of 13113.
3, 31, 47
List the prime factors of 19412.
2, 23, 211
What are the prime factors of 35000?
2, 5, 7
What are the prime factors of 921?
3, 307
What are the prime factors of 756?
2, 3, 7
What are the prime factors of 45307?
45307
List the prime factors of 7994.
2, 7, 571
What are the prime factors of 46025?
5, 7, 263
List the prime factors of 80473.
80473
List the prime factors of 2130.
2, 3, 5, 71
What are the prime factors of 15320?
2, 5, 383
List the prime factors of 13015.
5, 19, 137
List the prime factors of 41374.
2, 137, 151
What